76?
7
What is the hundred thousands digit of 488641220?
6
What is the hundreds digit of 988635554?
5
What is the thousands digit of 1530685404?
5
What is the thousands digit of 5442635089?
5
What is the hundred millions digit of 103736524?
1
What is the thousands digit of 109646072?
6
What is the thousands digit of 18974699?
4
What is the hundred millions digit of 955320390?
9
What is the units digit of 323059473?
3
What is the hundreds digit of 148511264?
2
What is the units digit of 622100224?
4
What is the ten millions digit of 94703897?
9
What is the millions digit of 39533215?
9
What is the thousands digit of 369234807?
4
What is the hundreds digit of 22245418?
4
What is the hundreds digit of 197594251?
2
What is the ten millions digit of 403719547?
0
What is the hundred thousands digit of 24489790?
4
What is the units digit of 290267548?
8
What is the millions digit of 30384497?
0
What is the units digit of 63445031?
1
What is the ten millions digit of 372935756?
7
What is the units digit of 602499969?
9
What is the ten millions digit of 23800088?
2
What is the ten thousands digit of 3469964256?
6
What is the ten millions digit of 89080803?
8
What is the ten thousands digit of 28086376?
8
What is the millions digit of 584530538?
4
What is the units digit of 262278060?
0
What is the ten thousands digit of 17954988?
5
What is the tens digit of 147951060?
6
What is the hundreds digit of 104416220?
2
What is the tens digit of 112089690?
9
What is the units digit of 472223348?
8
What is the units digit of 374274329?
9
What is the ten thousands digit of 42322035?
2
What is the hundred thousands digit of 494876500?
8
What is the units digit of 8601673515?
5
What is the ten millions digit of 27563606?
2
What is the millions digit of 62195155?
2
What is the ten thousands digit of 3815848447?
4
What is the ten millions digit of 75864323?
7
What is the hundred millions digit of 3315708134?
3
What is the thousands digit of 391036573?
6
What is the millions digit of 5506671?
5
What is the hundreds digit of 8648327981?
9
What is the hundreds digit of 5816321408?
4
What is the millions digit of 1589225211?
9
What is the tens digit of 8715734?
3
What is the hundred thousands digit of 11397075?
3
What is the thousands digit of 20225817?
5
What is the ten thousands digit of 153046139?
4
What is the millions digit of 14426638?
4
What is the hundreds digit of 12526950?
9
What is the ten millions digit of 95571918?
9
What is the ten millions digit of 606682890?
0
What is the hundred thousands digit of 1600094943?
0
What is the ten millions digit of 89418642?
8
What is the ten millions digit of 268708081?
6
What is the units digit of 63184994?
4
What is the ten thousands digit of 984044120?
4
What is the ten thousands digit of 433095817?
9
What is the millions digit of 1532860?
1
What is the ten millions digit of 65131579?
6
What is the ten millions digit of 352536971?
5
What is the thousands digit of 170143027?
3
What is the ten millions digit of 1017700282?
1
What is the tens digit of 683683488?
8
What is the thousands digit of 475843241?
3
What is the thousands digit of 1135010518?
0
What is the millions digit of 730975223?
0
What is the hundreds digit of 33552643?
6
What is the billions digit of 2753392203?
2
What is the tens digit of 370048824?
2
What is the hundred thousands digit of 94851847?
8
What is the thousands digit of 356998060?
8
What is the hundreds digit of 419559065?
0
What is the hundreds digit of 181411845?
8
What is the millions digit of 49404704?
9
What is the hundred thousands digit of 4403134775?
1
What is the millions digit of 11160764?
1
What is the units digit of 51439878?
8
What is the ten millions digit of 53002939?
5
What is the ten millions digit of 129688348?
2
What is the tens digit of 121842288?
8
What is the thousands digit of 155741408?
1
What is the ten millions digit of 2315362056?
1
What is the hundred millions digit of 1762079043?
7
What is the ten thousands digit of 4952128875?
2
What is the thousands digit of 1050345044?
5
What is the billions digit of 1790370315?
1
What is the ten millions digit of 40364675?
4
What is the hundred thousands digit of 160834971?
8
What is the thousands digit of 333199872?
9
What is the hundred thousands digit of 1431655089?
6
What is the tens digit of 87493501?
0
What is the thousands digit of 2856021688?
1
What is the ten millions digit of 30713764?
3
What is the tens digit of 3660427371?
7
What is the hundreds digit of 194489811?
8
What is the ten thousands digit of 21301234?
0
What is the hundred thousands digit of 5415759?
4
What is the ten millions digit of 83035066?
8
What is the tens digit of 256354764?
6
What is the thousands digit of 1824562795?
2
What is the tens digit of 510631033?
3
What is the units digit of 61250007?
7
What is the millions digit of 1175299484?
5
What is the ten millions digit of 21175424?
2
What is the hundred thousands digit of 2964103?
9
What is the ten millions digit of 2577431036?
7
What is the ten thousands digit of 490817456?
1
What is the units digit of 2961065052?
2
What is the hundreds digit of 26144025?
0
What is the millions digit of 3829985709?
9
What is the ten millions digit of 1698030889?
9
What is the millions digit of 345032972?
5
What is the tens digit of 65159874?
7
What is the units digit of 164305406?
6
What is the units digit of 922623235?
5
What is the ten millions digit of 49498298?
4
What is the billions digit of 4823495910?
4
What is the thousands digit of 971700102?
0
What is the ten thousands digit of 460153230?
5
What is the units digit of 42286166?
6
What is the millions digit of 8007882?
8
What is the tens digit of 202791096?
9
What is the millions digit of 432534865?
2
What is the thousands digit of 5907217664?
7
What is the thousands digit of 120023128?
3
What is the millions digit of 1323527612?
3
What is the ten thousands digit of 2349288016?
8
What is the thousands digit of 179038261?
8
What is the hundreds digit of 5922123?
1
What is the units digit of 227181033?
3
What is the ten thousands digit of 11599038?
9
What is the thousands digit of 1555105960?
5
What is the thousands digit of 105454478?
4
What is the tens digit of 7623539?
3
What is the ten millions digit of 145823275?
4
What is the hundred thousands digit of 34999891?
9
What is the tens digit of 37936450?
5
What is the ten thousands digit of 149687934?
8
What is the hundred thousands digit of 17727307?
7
What is the hundreds digit of 2632827059?
0
What is the tens digit of 2900282914?
1
What is the billions digit of 3864800020?
3
What is the hundred thousands digit of 202446812?
4
What is the hundred millions digit of 210365833?
2
What is the hundred millions digit of 252106156?
2
What is the ten thousands digit of 162833388?
3
What is the hundreds digit of 23889887?
8
What is the millions digit of 198872905?
8
What is the tens digit of 13994094?
9
What is the ten thousands digit of 40195862?
9
What is the hundreds digit of 30087192?
1
What is the millions digit of 549601953?
9
What is the hundred thousands digit of 456860847?
8
What is the ten thousands digit of 482571055?
7
What is the millions digit of 498918606?
8
What is the units digit of 368587894?
4
What is the units digit of 31662861?
1
What is the ten thousands digit of 98329231?
2
What is the tens digit of 488843450?
5
What is the units digit of 60208308?
8
What is the ten millions digit of 242228791?
4
What is the thousands digit of 23473055?
3
What is the thousands digit of 34216611?
6
What is the ten millions digit of 29785700?
2
What is the thousands digit of 57913257?
3
What is the tens digit of 256945416?
1
What is the thousands digit of 2432463670?
3
What is the billions digit of 1108234192?
1
What is the hundreds digit of 12937319?
3
What is the ten thousands digit of 3007411797?
1
What is the hundred thousands digit of 2457269410?
2
What is the tens digit of 416014691?
9
What is the thousands digit of 154996961?
6
What is the hundred thousands digit of 6119683?
1
What is the thousands digit of 857667779?
7
What is the units digit of 191588297?
7
What is the thousands digit of 68811727?
1
What is the thousands digit of 320809875?
9
What is the billions digit of 5408721981?
5
What is th